{"id":20,"date":"2026-04-10T13:39:02","date_gmt":"2026-04-10T13:39:02","guid":{"rendered":"https:\/\/sardegnaeccellenzabio.it\/?page_id=20"},"modified":"2026-04-14T15:37:13","modified_gmt":"2026-04-14T15:37:13","slug":"eventi","status":"publish","type":"page","link":"https:\/\/sardegnaeccellenzabio.it\/?page_id=20","title":{"rendered":"Eventi"},"content":{"rendered":"<section class=\"bde-section-20-100 bde-section\">\n  \n  \n\t\n\n\n\n<div class=\"section-container\"><img decoding=\"async\" class=\"bde-image2-20-109 bde-image2\" src=\"https:\/\/sardegnaeccellenzabio.it\/wp-content\/uploads\/2026\/04\/Eventi2.jpg\" loading=\"lazy\" srcset=\"https:\/\/sardegnaeccellenzabio.it\/wp-content\/uploads\/2026\/04\/Eventi2.jpg 1274w, https:\/\/sardegnaeccellenzabio.it\/wp-content\/uploads\/2026\/04\/Eventi2-300x130.jpg 300w, https:\/\/sardegnaeccellenzabio.it\/wp-content\/uploads\/2026\/04\/Eventi2-1024x442.jpg 1024w, https:\/\/sardegnaeccellenzabio.it\/wp-content\/uploads\/2026\/04\/Eventi2-768x332.jpg 768w\" sizes=\"(max-width: 1274px) 100vw, 1274px\"><div class=\"bde-columns-20-101 bde-columns\" data-entrance=\"slideRight\"><div class=\"bde-column-20-102 bde-column\">\n  \n  \n\t\n\n\n\n<img decoding=\"async\" class=\"bde-image2-20-104 bde-image2\" src=\"https:\/\/sardegnaeccellenzabio.it\/wp-content\/uploads\/2026\/04\/cagliari_8_marzo_3-300x225.jpg\" loading=\"lazy\" srcset=\"https:\/\/sardegnaeccellenzabio.it\/wp-content\/uploads\/2026\/04\/cagliari_8_marzo_3.jpg 1600w, https:\/\/sardegnaeccellenzabio.it\/wp-content\/uploads\/2026\/04\/cagliari_8_marzo_3-300x225.jpg 300w, https:\/\/sardegnaeccellenzabio.it\/wp-content\/uploads\/2026\/04\/cagliari_8_marzo_3-1024x768.jpg 1024w, https:\/\/sardegnaeccellenzabio.it\/wp-content\/uploads\/2026\/04\/cagliari_8_marzo_3-768x576.jpg 768w, https:\/\/sardegnaeccellenzabio.it\/wp-content\/uploads\/2026\/04\/cagliari_8_marzo_3-1536x1152.jpg 1536w\" sizes=\"(max-width: 1600px) 100vw, 1600px\">\n<\/div><div class=\"bde-column-20-103 bde-column\">\n  \n  \n\t\n\n\n\n<div class=\"bde-div-20-106 bde-div\">\n  \n  \n\t\n\n\n\n<h1 class=\"bde-heading-20-105 bde-heading\">\nMercato di Campagna Amica Cagliari\n<\/h1><div class=\"bde-text-20-107 bde-text\">\n19 Marzo 2026\n<\/div><div class=\"bde-text-20-108 bde-text\">\nOggi ci trovate in Piazza dei Centomila a Cagliari ospiti del mercato di Campagna Amica<br>Prodotti biologici ed a km zero.<br>Dal produttore direttamente al consumatore.<br>Vi aspettiamo\n<\/div>\n<\/div>\n<\/div><\/div><div class=\"bde-columns-20-110 bde-columns\" data-entrance=\"slideLeft\"><div class=\"bde-column-20-111 bde-column\">\n  \n  \n\t\n\n\n\n<img decoding=\"async\" class=\"bde-image2-20-112 bde-image2\" src=\"https:\/\/sardegnaeccellenzabio.it\/wp-content\/uploads\/2026\/04\/cagliari_14_marzo-300x225.jpg\" loading=\"lazy\" srcset=\"https:\/\/sardegnaeccellenzabio.it\/wp-content\/uploads\/2026\/04\/cagliari_14_marzo.jpg 2048w, https:\/\/sardegnaeccellenzabio.it\/wp-content\/uploads\/2026\/04\/cagliari_14_marzo-300x225.jpg 300w, https:\/\/sardegnaeccellenzabio.it\/wp-content\/uploads\/2026\/04\/cagliari_14_marzo-1024x768.jpg 1024w, https:\/\/sardegnaeccellenzabio.it\/wp-content\/uploads\/2026\/04\/cagliari_14_marzo-768x576.jpg 768w, https:\/\/sardegnaeccellenzabio.it\/wp-content\/uploads\/2026\/04\/cagliari_14_marzo-1536x1152.jpg 1536w\" sizes=\"(max-width: 2048px) 100vw, 2048px\">\n<\/div><div class=\"bde-column-20-113 bde-column\">\n  \n  \n\t\n\n\n\n<div class=\"bde-div-20-114 bde-div\">\n  \n  \n\t\n\n\n\n<h1 class=\"bde-heading-20-115 bde-heading\">\nStand Piazza dei centomila Cagliari\n<\/h1><div class=\"bde-text-20-116 bde-text\">\n14 Marzo 2026\n<\/div><div class=\"bde-text-20-117 bde-text\">\nCi trovate anche oggi con il nostro stand in Piazza dei centomila a Cagliari.<br>Dal produttore al consumatore, tutto rigorosamente BIO.<br>Venite a trovarci\n<\/div>\n<\/div>\n<\/div><\/div><div class=\"bde-columns-20-158 bde-columns\" data-entrance=\"slideRight\"><div class=\"bde-column-20-159 bde-column\">\n  \n  \n\t\n\n\n\n<img decoding=\"async\" class=\"bde-image2-20-160 bde-image2\" src=\"https:\/\/sardegnaeccellenzabio.it\/wp-content\/uploads\/2026\/04\/cagliari_8_marzo_3-300x225.jpg\" loading=\"lazy\" srcset=\"https:\/\/sardegnaeccellenzabio.it\/wp-content\/uploads\/2026\/04\/cagliari_8_marzo_3.jpg 1600w, https:\/\/sardegnaeccellenzabio.it\/wp-content\/uploads\/2026\/04\/cagliari_8_marzo_3-300x225.jpg 300w, https:\/\/sardegnaeccellenzabio.it\/wp-content\/uploads\/2026\/04\/cagliari_8_marzo_3-1024x768.jpg 1024w, https:\/\/sardegnaeccellenzabio.it\/wp-content\/uploads\/2026\/04\/cagliari_8_marzo_3-768x576.jpg 768w, https:\/\/sardegnaeccellenzabio.it\/wp-content\/uploads\/2026\/04\/cagliari_8_marzo_3-1536x1152.jpg 1536w\" sizes=\"(max-width: 1600px) 100vw, 1600px\">\n<\/div><div class=\"bde-column-20-161 bde-column\">\n  \n  \n\t\n\n\n\n<div class=\"bde-div-20-162 bde-div\">\n  \n  \n\t\n\n\n\n<h1 class=\"bde-heading-20-163 bde-heading\">\nStand Piazza dei centomila Cagliari\n<\/h1><div class=\"bde-text-20-164 bde-text\">\n8 Marzo 2026\n<\/div><div class=\"bde-text-20-165 bde-text\">\nAnche oggi l Distretto Sardegna Bio vi aspetta con un\u2019esposizione e promozione dei migliori prodotti biologici della Sardegna.<br> Un\u2019occasione per conoscere da vicino le eccellenze del nostro territorio, incontrare i produttori e scoprire la qualit\u00e0 dell\u2019agricoltura biologica sarda.\n<\/div>\n<\/div>\n<\/div><\/div><div class=\"bde-columns-20-150 bde-columns\" data-entrance=\"slideLeft\"><div class=\"bde-column-20-151 bde-column\">\n  \n  \n\t\n\n\n\n<img decoding=\"async\" class=\"bde-image2-20-152 bde-image2\" src=\"https:\/\/sardegnaeccellenzabio.it\/wp-content\/uploads\/2026\/04\/Mercatino_Mulini_1_Marzo_26-300x225.jpg\" loading=\"lazy\" srcset=\"https:\/\/sardegnaeccellenzabio.it\/wp-content\/uploads\/2026\/04\/Mercatino_Mulini_1_Marzo_26.jpg 2048w, https:\/\/sardegnaeccellenzabio.it\/wp-content\/uploads\/2026\/04\/Mercatino_Mulini_1_Marzo_26-300x225.jpg 300w, https:\/\/sardegnaeccellenzabio.it\/wp-content\/uploads\/2026\/04\/Mercatino_Mulini_1_Marzo_26-1024x768.jpg 1024w, https:\/\/sardegnaeccellenzabio.it\/wp-content\/uploads\/2026\/04\/Mercatino_Mulini_1_Marzo_26-768x576.jpg 768w, https:\/\/sardegnaeccellenzabio.it\/wp-content\/uploads\/2026\/04\/Mercatino_Mulini_1_Marzo_26-1536x1152.jpg 1536w\" sizes=\"(max-width: 2048px) 100vw, 2048px\">\n<\/div><div class=\"bde-column-20-153 bde-column\">\n  \n  \n\t\n\n\n\n<div class=\"bde-div-20-154 bde-div\">\n  \n  \n\t\n\n\n\n<h1 class=\"bde-heading-20-155 bde-heading\">\nMercato di Campagna Amica ai Mulini \n<\/h1><div class=\"bde-text-20-156 bde-text\">\n1\u00b0 Marzo 2026\n<\/div><div class=\"bde-text-20-157 bde-text\">\nOggi il Distretto Sardegna Bio \u00e8 presente con il suo stand al mercato di Campagna Amica ai Mulini a Su Planu (Selargius\/Cagliari)<br>Vi invitiamo a partecipare numerosi per conoscere da vicino le eccellenze del biologico sardo, incontrare i produttori, scoprire i valori della filiera sostenibile e sostenere un\u2019agricoltura che tutela il territorio e la salute.\n<\/div>\n<\/div>\n<\/div><\/div><div class=\"bde-columns-20-142 bde-columns\" data-entrance=\"slideRight\"><div class=\"bde-column-20-143 bde-column\">\n  \n  \n\t\n\n\n\n<img decoding=\"async\" class=\"bde-image2-20-144 bde-image2\" src=\"https:\/\/sardegnaeccellenzabio.it\/wp-content\/uploads\/2026\/04\/Sestu_28_Febbraio_26-300x225.jpg\" loading=\"lazy\" srcset=\"https:\/\/sardegnaeccellenzabio.it\/wp-content\/uploads\/2026\/04\/Sestu_28_Febbraio_26.jpg 2048w, https:\/\/sardegnaeccellenzabio.it\/wp-content\/uploads\/2026\/04\/Sestu_28_Febbraio_26-300x225.jpg 300w, https:\/\/sardegnaeccellenzabio.it\/wp-content\/uploads\/2026\/04\/Sestu_28_Febbraio_26-1024x768.jpg 1024w, https:\/\/sardegnaeccellenzabio.it\/wp-content\/uploads\/2026\/04\/Sestu_28_Febbraio_26-768x576.jpg 768w, https:\/\/sardegnaeccellenzabio.it\/wp-content\/uploads\/2026\/04\/Sestu_28_Febbraio_26-1536x1152.jpg 1536w\" sizes=\"(max-width: 2048px) 100vw, 2048px\">\n<\/div><div class=\"bde-column-20-145 bde-column\">\n  \n  \n\t\n\n\n\n<div class=\"bde-div-20-146 bde-div\">\n  \n  \n\t\n\n\n\n<h1 class=\"bde-heading-20-147 bde-heading\">\nMercato di Campagna Amica di Sestu\n<\/h1><div class=\"bde-text-20-148 bde-text\">\n28 Febbraio 2026\n<\/div><div class=\"bde-text-20-149 bde-text\">\nOggi il Distretto Biologico Regionale \u201cSardegna Bio\u201d \u00e8 presente al mercato di Campagna Amica di Sestu per promuovere i valori dell\u2019agricoltura biologica e sostenibile nel nostro territorio.<br>Un\u2019occasione speciale per incontrare produttori locali, conoscere da vicino le eccellenze biologiche della Sardegna e approfondire i progetti che il distretto porta avanti a sostegno di un\u2019agricoltura sana, rispettosa dell\u2019ambiente e della biodiversit\u00e0.<br>\n<\/div>\n<\/div>\n<\/div><\/div><div class=\"bde-columns-20-134 bde-columns\" data-entrance=\"slideLeft\"><div class=\"bde-column-20-135 bde-column\">\n  \n  \n\t\n\n\n\n<img decoding=\"async\" class=\"bde-image2-20-136 bde-image2\" src=\"https:\/\/sardegnaeccellenzabio.it\/wp-content\/uploads\/2026\/04\/SanaFood-300x219.jpg\" loading=\"lazy\" srcset=\"https:\/\/sardegnaeccellenzabio.it\/wp-content\/uploads\/2026\/04\/SanaFood.jpg 720w, https:\/\/sardegnaeccellenzabio.it\/wp-content\/uploads\/2026\/04\/SanaFood-300x219.jpg 300w\" sizes=\"(max-width: 720px) 100vw, 720px\">\n<\/div><div class=\"bde-column-20-137 bde-column\">\n  \n  \n\t\n\n\n\n<div class=\"bde-div-20-138 bde-div\">\n  \n  \n\t\n\n\n\n<h1 class=\"bde-heading-20-139 bde-heading\">\nSana Food 2026\n<\/h1><div class=\"bde-text-20-140 bde-text\">\n22 Febbraio 2026\n<\/div><div class=\"bde-text-20-141 bde-text\">\nE' iniziato il Sana Food 2026, uno degli appuntamenti di riferimento per il biologico e l\u2019agroalimentare sostenibile.<br>Il Distretto Sardegna Bio  non \u00e8 voluto mancare per raccontare e valorizzare le politiche regionali a sostegno del biologico e per presentare le eccellenze agricole della Sardegna: qualit\u00e0, identit\u00e0, sostenibilit\u00e0 e innovazione si incontrano in un unico spazio dedicato al nostro territorio.<br>Venite a trovarci al Padiglione 18 \u2013 Stand A25, presso BOLOGNA FIERE\n<\/div>\n<\/div>\n<\/div><\/div><div class=\"bde-columns-20-126 bde-columns\" data-entrance=\"slideRight\"><div class=\"bde-column-20-127 bde-column\">\n  \n  \n\t\n\n\n\n<img decoding=\"async\" class=\"bde-image2-20-128 bde-image2\" src=\"https:\/\/sardegnaeccellenzabio.it\/wp-content\/uploads\/2026\/04\/SIA-Parigi-300x151.webp\" loading=\"lazy\" srcset=\"https:\/\/sardegnaeccellenzabio.it\/wp-content\/uploads\/2026\/04\/SIA-Parigi.webp 1400w, https:\/\/sardegnaeccellenzabio.it\/wp-content\/uploads\/2026\/04\/SIA-Parigi-300x151.webp 300w, https:\/\/sardegnaeccellenzabio.it\/wp-content\/uploads\/2026\/04\/SIA-Parigi-1024x515.webp 1024w, https:\/\/sardegnaeccellenzabio.it\/wp-content\/uploads\/2026\/04\/SIA-Parigi-768x386.webp 768w\" sizes=\"(max-width: 1400px) 100vw, 1400px\">\n<\/div><div class=\"bde-column-20-129 bde-column\">\n  \n  \n\t\n\n\n\n<div class=\"bde-div-20-130 bde-div\">\n  \n  \n\t\n\n\n\n<h1 class=\"bde-heading-20-131 bde-heading\">\nSalon International de l'Agricolture\n<\/h1><div class=\"bde-text-20-132 bde-text\">\n21 Febbraio 2026\n<\/div><div class=\"bde-text-20-133 bde-text\">\nDa oggi e fino al 1\u00b0 marzo siamo presenti al Salon International de l'Agrocolture.<br>Ci trovate alla Hall 7.1 Stand D005 dove siamo attivi per promuovere le attivit\u00e0 istituzionali e commerciali, favorire l\u2019ampliamento dei mercati e creare nuove opportunit\u00e0 di collaborazione per le imprese aderenti.<br>\n<\/div>\n<\/div>\n<\/div><\/div><div class=\"bde-columns-20-118 bde-columns\" data-entrance=\"slideLeft\"><div class=\"bde-column-20-119 bde-column\">\n  \n  \n\t\n\n\n\n<img decoding=\"async\" class=\"bde-image2-20-120 bde-image2\" src=\"https:\/\/sardegnaeccellenzabio.it\/wp-content\/uploads\/2026\/04\/Biofach-2026-300x150.jpg\" loading=\"lazy\" srcset=\"https:\/\/sardegnaeccellenzabio.it\/wp-content\/uploads\/2026\/04\/Biofach-2026-300x150.jpg 300w, https:\/\/sardegnaeccellenzabio.it\/wp-content\/uploads\/2026\/04\/Biofach-2026-1024x512.jpg 1024w, https:\/\/sardegnaeccellenzabio.it\/wp-content\/uploads\/2026\/04\/Biofach-2026-768x384.jpg 768w\" sizes=\"(max-width: 300px) 100vw, 300px\">\n<\/div><div class=\"bde-column-20-121 bde-column\">\n  \n  \n\t\n\n\n\n<div class=\"bde-div-20-122 bde-div\">\n  \n  \n\t\n\n\n\n<h1 class=\"bde-heading-20-123 bde-heading\">\nBiofach 2026\n<\/h1><div class=\"bde-text-20-124 bde-text\">\n10 Febbraio 2026\n<\/div><div class=\"bde-text-20-125 bde-text\">\nOggi ha inizio il biofach 2026, la fiera leader mondiale del biologico.<br>Venite a trovarci. Ci troviamo negli .stand espositivi 129-15, 129-16 e 129-17, dove promuoviamo la Sardegna nel mondo attraverso qualit\u00e0, territorio, rispetto per l\u2019ambiente e innovazione nel biologico.\n<\/div>\n<\/div>\n<\/div><\/div><\/div>\n<\/section>","protected":false},"excerpt":{"rendered":"<p>Mercato di Campagna Amica Cagliari 19 Marzo 2026 Oggi ci trovate in Piazza dei Centomila a Cagliari ospiti del mercato di Campagna AmicaProdotti biologici ed a km zero.Dal produttore direttamente al consumatore.Vi aspettiamo Stand Piazza dei centomila Cagliari 14 Marzo 2026 Ci trovate anche oggi con il nostro stand in Piazza dei centomila a Cagliari.Dal [&hellip;]<\/p>\n","protected":false},"author":1,"featured_media":0,"parent":0,"menu_order":0,"comment_status":"closed","ping_status":"closed","template":"","meta":{"_breakdance_hide_in_design_set":false,"_breakdance_tags":"","footnotes":""},"class_list":["post-20","page","type-page","status-publish","hentry"],"_links":{"self":[{"href":"https:\/\/sardegnaeccellenzabio.it\/index.php?rest_route=\/wp\/v2\/pages\/20","targetHints":{"allow":["GET"]}}],"collection":[{"href":"https:\/\/sardegnaeccellenzabio.it\/index.php?rest_route=\/wp\/v2\/pages"}],"about":[{"href":"https:\/\/sardegnaeccellenzabio.it\/index.php?rest_route=\/wp\/v2\/types\/page"}],"author":[{"embeddable":true,"href":"https:\/\/sardegnaeccellenzabio.it\/index.php?rest_route=\/wp\/v2\/users\/1"}],"replies":[{"embeddable":true,"href":"https:\/\/sardegnaeccellenzabio.it\/index.php?rest_route=%2Fwp%2Fv2%2Fcomments&post=20"}],"version-history":[{"count":26,"href":"https:\/\/sardegnaeccellenzabio.it\/index.php?rest_route=\/wp\/v2\/pages\/20\/revisions"}],"predecessor-version":[{"id":187,"href":"https:\/\/sardegnaeccellenzabio.it\/index.php?rest_route=\/wp\/v2\/pages\/20\/revisions\/187"}],"wp:attachment":[{"href":"https:\/\/sardegnaeccellenzabio.it\/index.php?rest_route=%2Fwp%2Fv2%2Fmedia&parent=20"}],"curies":[{"name":"wp","href":"https:\/\/api.w.org\/{rel}","templated":true}]}}